= g + 107. What is the highest common factor of 30 and c?
15
Suppose -71*w - 2772 = -80*w. Calculate the greatest common factor of 44 and w.
44
Let z = -59 + 62. Suppose 0 = -5*i + k + 14, k + z*k - 13 = -3*i. Calculate the highest common factor of 42 and i.
3
Let w(x) = 11*x + x**2 + 0 + 0*x + 3 + 15. Let v be w(-11). Calculate the highest common factor of 45 and v.
9
Let l(u) = u**2 - 4*u - 4. Let v be l(-2). Calculate the highest common divisor of v and 72.
8
Let u(t) = -45*t - 1. Let a be (20/16)/5 + 10/(-8). Let y be u(a). What is the highest common factor of 33 and y?
11
Let w(i) = 2*i**2 + 3 + 0*i**2 + 5*i - 2*i. Let l = 2 + -5. Let s be w(l). What is the greatest common factor of 120 and s?
12
Let h = 295 - 245. Calculate the greatest common divisor of h and 2.
2
Suppose -1084 + 82 = -2*y - i, -1998 = -4*y + i. What is the greatest common factor of y and 60?
20
Suppose -3*y - 3*v = 2 + 31, y = -5*v + 5. Let q = y + 9. Let x be ((-14)/q)/(6/216). Calculate the greatest common divisor of x and 12.
12
Let u = 639 - -309. Calculate the highest common divisor of u and 12.
12
Let z be (-48)/(-12) - (-1 + 4). Let b be (-1)/2 + 12/8. Calculate the highest common divisor of b and z.
1
Suppose -2*a + 10*y + 28 = 13*y, -2*y = -3*a + 55. Let v = -533 - -754. What is the highest common divisor of a and v?
17
Suppose u - 208 = 4*x, -60*u + 59*u + 243 = 3*x. Calculate the greatest common divisor of u and 171.
57
Suppose 0 = -3*y - 7*m + 3*m + 408, -286 = -2*y + 2*m. What is the greatest common divisor of y and 35?
35
Suppose 18 = -4*y - 6. Let q be 10/6*3 - y. Let w(g) = 11*g**2 - g + 1. Let h be w(1). What is the greatest common divisor of h and q?
11
Let k(f) be the second derivative of f**4/6 + f**3/6 + 65*f**2/2 + 10*f. Let u be k(0). Calculate the highest common factor of u and 26.
13
Let a(i) = 15*i**2 - 116*i - 20. Let s be a(8). Calculate the greatest common factor of s and 1884.
12
Suppose -n - p + 41 = 0, -3*p - 33 = 4*n - 202. Suppose -5*x - 5 - 20 = 0, 5*l - 3*x - 360 = 0. What is the highest common factor of l and n?
23
Let f = -776 - -1208. What is the greatest common divisor of 24 and f?
24
Let o = 144 + -63. Let u = o - 53. Suppose 5*j = j + u. Calculate the greatest common factor of 14 and j.
7
Suppose r = 0, 2*r - 4 = c - 23. What is the highest common divisor of c and 1121?
19
Let c be (-130)/(-130)*4*(10 - 1). Calculate the greatest common divisor of 66 and c.
6
Let z be 9*(-4)/(-24)*-2. Let w be -1 + 0 + 15/z. Let l(h) = 2*h**2 + 10*h + 6. Let d be l(w). What is the greatest common factor of 2 and d?
2
Suppose -612 = -5*p + 563. Let n = -37 + p. What is the highest common factor of n and 33?
33
Suppose -3*f - 17 = 2*m - 0*m, -2*m + 5*f + 7 = 0. Let s be (-1 - 61)*14/m. Suppose -4*k + s = 37. Calculate the greatest common divisor of k and 18.
9
Let f(j) = -13*j - 44. Let x be f(-5). Let n = x - 15. Calculate the greatest common divisor of n and 6.
6
Suppose -2*n = -2*c - 0*n + 22, 3*c + 4*n = 19. Suppose 26*a + 964 - 3538 = 0. Calculate the highest common divisor of c and a.
9
Let q be 554/3 + 10/(-15). Let x = 296 - q. Calculate the highest common factor of 16 and x.
16
Let b(y) be the third derivative of -5*y**4/3 - 4*y**2. Let x be b(-2). What is the greatest common divisor of x and 16?
16
Let f(i) = 30*i + 32. Let n be f(4). Let x(w) = w**2 + 4*w - 2. Let b be x(-7). Calculate the greatest common factor of b and n.
19
Let p = 484 - 469. Let j = 16 - -19. What is the highest common factor of j and p?
5
Let q be (6/(-15) - 36/(-15)) + 1. Suppose 5*f + 0*f + 4*l + 2 = 0, q*l + 1 = -4*f. Calculate the highest common divisor of f and 14.
2
Let n(z) = -z**3 - 11*z**2 - 31*z - 32. Let o be n(-8). What is the highest common factor of 2472 and o?
24
Let s(y) = -y**2 - 9*y + 4. Let d be s(-8). Suppose 3 = -2*f + 1, 2*i - d = 4*f. Suppose -i = 4*r - 40. Calculate the greatest common factor of r and 9.
9
Let v = -63 - -61. Let q be (-1)/(27/112 + v/8). What is the highest common factor of q and 14?
14
Let t be (-1*2)/((-6)/66). Suppose t - 4 = k. What is the highest common divisor of k and 9?
9
Let a = -342 - -432. What is the highest common factor of a and 36?
18
Suppose -s - r + 80 = 0, 0*s = -2*s + 2*r + 148. Let w be 8*11/(-66) - (-25)/3. Calculate the highest common factor of s and w.
7
Suppose -101 = 50*w - 901. Calculate the greatest common factor of 80 and w.
16
Let x = -221 - -326. Let m(y) = -8*y**2 + 6*y**2 + 16*y**2 - y. Let h be m(-1). Calculate the greatest common divisor of x and h.
15
Let s be (-132)/8*(-2 - (-12)/9). Let r be ((-14)/(-5))/(s/55). Calculate the highest common factor of 98 and r.
14
Suppose c + 5*x - 10 = 0, -c - 10 = -11*x + 6*x. Let l(w) = w**2 + w + 10. Let q be l(c). What is the highest common divisor of q and 25?
5
Let s be 0/(-2)*(-27)/(-54). Suppose 2*c = q + 128 - 2, 5*q = s. What is the highest common divisor of 7 and c?
7
Let p = -134 + 210. What is the greatest common divisor of p and 4?
4
Let h be (153/2)/(63/168). What is the greatest common factor of h and 3?
3
Let d be (92/10)/((-2)/(-10)). Let p = d + -30. Suppose 3*c - b = 18, -c + 3*b - p = -6*c. Calculate the greatest common factor of c and 20.
5
Let q = -6 - -7. Let a be (q + -2)/((-8)/56). Suppose -a*w = -10*w + 36. What is the highest common factor of w and 8?
4
Let x be (-4)/14 + 132/21. Let v be ((-7)/(-14))/((-2)/(-72)). Suppose -v + 0 = -x*t. Calculate the greatest common divisor of t and 27.
3
Let g(v) = -1 + 12 + 6*v - v. Let i be g(8). Suppose 4*p - 3*p = -3*j + 107, -117 = -3*j - 3*p. Calculate the greatest common divisor of i and j.
17
Let h = 90 + -75. Suppose 2*v - h + 1 = 0. What is the highest common divisor of 56 and v?
7
Let j(q) = -15*q**3 - 3*q**2 - q + 4. Suppose -7*i = -20*i - 39. Let z be j(i). What is the greatest common divisor of z and 35?
35
Suppose 4*g + 5*k = 59, -4*g - 25 + 86 = 3*k. Let d = -8 + g. What is the highest common divisor of 24 and d?
8
Let y = 483 - 693. Let j be (2/(-5))/(3/y). Let n = -127 + 141. What is the greatest common factor of n and j?
14
Let z(l) = -5*l - 76. Let o be z(-19). What is the greatest common divisor of 608 and o?
19
Let s = -218 + 326. Calculate the highest common factor of s and 144.
36
Let f(y) = -4*y - 13. Let r be f(-4). Let l be 4/(-10) + (-3388)/(-220). Calculate the highest common factor of l and r.
3
Suppose 5*b + 2*n - 42 = 0, -2*n - 18 = -2*b - 4. Suppose -b*l = -3*l - 25. Calculate the greatest common factor of l and 5.
5
Let r be 175*((-3)/(-14)*-26 - -7). What is the highest common divisor of 100 and r?
50
Let k = -387 + 880. Calculate the greatest common divisor of k and 29.
29
Let k be (1/3)/(435/108 - 4). Calculate the highest common factor of k and 42.
6
Let s be ((-70)/(-42))/((-5)/(-18)). Suppose 5*j - 4 = s. Suppose 0 = 4*g - 0*g - 4*d - 124, j*g - 42 = -2*d. What is the greatest common factor of 52 and g?
26
Let u(x) = -x + 7. Let p be u(-4). Let o be (-2 + 5)*11/p. Suppose o*g - 180 = -0*g. What is the highest common factor of 12 and g?
12
Suppose -r + 0*r = 18. Let i = 27 + r. What is the highest common divisor of i and 9?
9
Let f be ((-5301)/155)/(1/(-5)). What is the highest common factor of 19 and f?
19
Let h = -40 + 74. Suppose v = 4*p - h, 5*p + 0*p + 3*v = 51. What is the highest common divisor of p and 1?
1
Let f(l) = 7*l - 15. Let z(m) = -6*m + 14. Let h(b) = 5*f(b) + 6*z(b). Let y be h(0). What is the greatest common divisor of 81 and y?
9
Suppose 4*l - l = -c + 13, -2*l + c = -12. Suppose l*v = 2*t - 53 - 4, 2*v + 74 = 4*t. What is the highest common factor of 8 and t?
8
Let r(i) = -i**2 + 10*i + 17. Let k be r(-9). Let b be 91*(-11)/(k/12). Calculate the highest common factor of b and 6.
6
Suppose 50*t + 4347 = -48*t + 125*t. Let o(h) = 5*h - 7. Let c be o(6). What is the greatest common divisor of c and t?
23
Let m(z) = z**2 + 19*z - 26. Let f be m(-21). What is the greatest common factor of f and 24?
8
Let n = -311 + 312. What is the greatest common divisor of n and 13?
1
Let r(p) = 2*p - 16. Let y be r(-4). Let z = y - -35. What is the highest common factor of z and 121?
11
Let v be 304/12 - (-6)/9. Let y be (5/(-30))/(3/(-78))*3. What is the greatest common divisor of y and v?
13
Suppose 4*t - 87 = 37. Suppose w + 14 = 5*p - 9, -p =